 (base 4) in base 13?
997
730 (base 8) to base 11
39a
-3102321 (base 4) to base 15
-3eec
What is 2150 (base 10) in base 8?
4146
-15075 (base 13) to base 5
-2232032
-102300 (base 4) to base 5
-14300
6477 (base 8) to base 11
2603
What is 16201 (base 13) in base 4?
22101202
What is 110000110011 (base 2) in base 6?
22243
5ac5 (base 16) to base 10
23237
654 (base 9) to base 10
535
What is -1121010010 (base 3) in base 8?
-75307
Convert -501 (base 10) to base 16.
-1f5
What is 125b (base 16) in base 13?
21a6
-273a3 (base 11) to base 5
-2222300
What is 7add (base 16) in base 5?
2001303
What is -55716 (base 9) in base 13?
-13b18
What is 280 (base 11) in base 2?
101001010
-1918 (base 10) to base 8
-3576
What is 4322 (base 9) in base 8?
6153
Convert 3aa (base 14) to base 2.
1011100010
1011222222 (base 3) to base 14
8703
-12a80 (base 14) to base 6
-552504
What is -21344 (base 6) in base 13?
-1456
-13a (base 15) to base 13
-187
What is -3887 (base 12) in base 16?
-1927
Convert 3312 (base 4) to base 2.
11110110
b (base 15) to base 10
11
656 (base 8) to base 6
1554
2508 (base 15) to base 2
1111011001011
Convert 16137 (base 8) to base 2.
1110001011111
1212002 (base 3) to base 16
548
-221 (base 6) to base 11
-78
Convert -1210110 (base 3) to base 8.
-2434
-658 (base 11) to base 10
-789
What is -a (base 13) in base 11?
-a
What is -100101 (base 4) in base 13?
-621
What is -10013 (base 5) in base 6?
-2533
-124300 (base 7) to base 5
-1220003
523044 (base 6) to base 2
1010010010100100
Convert 371 (base 14) to base 11.
575
What is -20a8 (base 14) in base 13?
-2747
Convert -1000011000000 (base 2) to base 4.
-1003000
What is -8056 (base 9) in base 11?
-4469
What is -38a5 (base 11) in base 12?
-2b30
Convert 41032 (base 5) to base 10.
2642
What is 260 (base 11) in base 3?
102102
-383b (base 14) to base 15
-2dbd
Convert 10220 (base 3) to base 11.
96
c454 (base 13) to base 2
110100111100101
-2181 (base 10) to base 2
-100010000101
What is 310 (base 10) in base 12?
21a
Convert -34704 (base 10) to base 8.
-103620
What is 1423 (base 8) in base 13?
487
430 (base 7) to base 16
d9
13225 (base 8) to base 16
1695
What is -1110422 (base 5) in base 12?
-b33b
-19a (base 15) to base 6
-1414
Convert 3541 (base 10) to base 15.
10b1
What is -4005 (base 14) in base 16?
-2ae5
Convert -1012102 (base 3) to base 12.
-60b
Convert 52 (base 6) to base 14.
24
Convert -17984 (base 11) to base 5.
-1301024
What is -10011001001101 (base 2) in base 15?
-2d8a
-21210022 (base 3) to base 12
-3352
Convert -8cb (base 14) to base 8.
-3323
What is -1000001101010 (base 2) in base 6?
-31242
What is -4097 (base 10) in base 15?
-1332
Convert 1665 (base 7) to base 6.
3100
What is -131323 (base 5) in base 10?
-5213
Convert 4964 (base 10) to base 12.
2a58
What is 109a (base 11) in base 12?
a00
Convert 54522 (base 7) to base 16.
3546
Convert -420 (base 14) to base 12.
-578
What is 6361 (base 7) in base 13?
103c
-100100100100101 (base 2) to base 5
-1044400
-3669 (base 10) to base 3
-12000220
4143040 (base 5) to base 13
2525a
Convert 3343 (base 16) to base 14.
4ad5
Convert -101010011 (base 2) to base 8.
-523
What is baa (base 13) in base 10?
1999
Convert -adf9 (base 16) to base 2.
-1010110111111001
What is -3145 (base 8) in base 12?
-b45
What is -429 (base 10) in base 15?
-1d9
What is 3b3 (base 12) in base 2?
1000110111
Convert 45444 (base 6) to base 8.
14444
2044 (base 7) to base 3
222121
Convert 6356 (base 9) to base 16.
123c
-3325 (base 10) to base 9
-4504
What is 26b (base 16) in base 15?
2b4
Convert -18 (base 13) to base 11.
-1a
What is -8f12 (base 16) in base 13?
-13895
20131 (base 4) to base 11
452
What is 269 (base 12) in base 11?
306
10001001110 (base 2) to base 11
912
What is -101220 (base 4) in base 16?
-468
Convert -222410 (base 6) to base 5.
-1044401
What is 1010101011011 (base 2) in base 3?
21111111
44d (base 15) to base 9
1301
Convert 150302 (base 6) to base 11.
a880
283 (base 9) to base 16
ed
What is -212120 (base 4) in base 7?
-10106
What is -103110132 (base 4) in base 11?
-54500
What is -1b423 (base 13) in base 4?
-31002321
100011111010 (base 2) to base 11
17aa
What is -173 (base 10) in base 3?
-20102
What is -3505 (base 7) in base 2?
-10011111111
-311 (base 15) to base 5
-10231
80c5 (base 14) to base 8
53155
Convert -433 (base 12) to base 13.
-384
9cc2 (base 16) to base 12
1b282
What is -69964 (base 10) in base 12?
-345a4
What is 196 (base 16) in base 7?
1120
-14801 (base 11) to base 6
-240530
What is -2619 (base 10) in base 2?
-101000111011
Convert -5a20 (base 12) to base 9.
-14766
Convert 2220 (base 3) to base 12.
66
Convert 23482 (base 10) to base 12.
1170a
1101120 (base 3) to base 7
2646
Convert -302 (base 11) to base 3.
-111112
-3130331 (base 5) to base 10
-51966
Convert 19dc (base 14) to base 12.
287a
Convert -431413 (base 6) to base 16.
-8a21
Convert 354030 (base 6) to base 14.
b282
What is 283 (base 15) in base 12?
3b9
Convert 19097 (base 10) to base 7.
106451
Convert -794 (base 10) to base 13.
-491
-1b48 (base 13) to base 14
-1700
What is -121122212 (base 3) in base 13?
-56b4
347 (base 10) to base 6
1335
What is 10351 (base 7) in base 11?
1a3a
Convert 50405 (base 7) to base 3.
121202002
12472 (base 11) to base 14
6722
What is 47201 (base 8) in base 7?
112410
What is a03 (base 11) in base 7?
3352
What is 4678 (base 11) in base 12?
3673
-17848 (base 12) to base 11
-23636
Convert -2011020100 (base 3) to base 11.
-29994
What is -5523 (base 7) in base 15?
-8bc
-10011111011011 (base 2) to base 14
-3a0b
Convert 34754 (base 9) to base 14.
8663
What is 7b7 (base 12) in base 3?
1120111
What is -2012233 (base 5) in base 9?
-48140
What is -1110001010001110 (base 2) in base 13?
-20525
What is -101001111 (base 3) in base 16?
-1ca2
What is 297 (base 16) in base 14?
355
What is 1ab7 (base 12) in base 14?
12c3
Convert 1b5 (base 14) to base 10.
355
-4a0 (base 12) to base 8
-1270
26bb (base 12) to base 5
120323
Convert -26a5 (base 11) to base 8.
-6657
What is 107cc (base 13) in base 4?
13103120
What is -663 (base 13) in base 8?
-2107
What is 101022 (base 3) in base 15?
138
What is -11214 (base 5) in base 7?
-2234
Convert -143 (base 9) to base 8.
-170
945 (base 15) to base 8
4052
-12644 (base 9) to base 4
-2011201
Convert -21445 (base 7) to base 16.
-14fe
Convert 360 (base 7) to base 3.
21000
3650 (base 12) to base 13
2a1b
-5124 (base 6) to base 3
-1112221
What is -17 (base 13) in base 3?
-202
What is -81a (base 13) in base 8?
-2537
What is -673 (base 9) in base 2?
-1000101000
What is 1113 (base 13) in base 14?
c22
What is 10441 (base 5) in base 8?
1352
Convert -1165 (base 7) to base 4.
-12313
Convert d7bd (base 15) to base 9.
68527
-12141 (base 5) to base 14
-49b
What is -50323 (base 6) in base 5?
-202403
-200104 (base 8) to base 4
-100001010
40114 (base 7) to base 4
2113000
62b (base 14) to base 12
853
Convert -11000 (base 6) to base 7.
-4260
Convert -34103 (base 5) to base 11.
-1895
What is -cd6 (base 15) in base 6?
-21233
What is -670 (base 12) in base 10?
-948
-395 (base 15) to base 10
-815
141302 (base 6) to base 11
9a89
120011120 (base 3) to base 11
8343
What is 112111112 (base 3) in base 2?
10100101001011
What is -8737 (base 10) in base 9?
-12877
What is -146650 (base 7) in base 5?
-1410143
Convert -10110001000010 (base 2) to base 5.
-330310
What is 1100001100001 (base 2) in base 3?
22120011
What is 3352 (base 6) in base 9?
1065
What is 24103 (base 5) in base 2?
11011110010
Convert 30bd (base 14) to base 2.
10000011001111
What is 881 (base 12) in base 4?
103201
What is 3210 (base 5) in base 10?
430
13534 (base 8) to base 7
23302
What is 27e9 (base 16) in base 13?
485c
What is 23101 (base 4) in base 12?
501
Convert -43905 (base 11) to base 4.
-33202203
-100100011000010 (base 2) to base 6
-222122
What is 51275 (base 8) in base 14?
7a0d
1210 (base 3) to base 14
36
10111010 (base 2) to base 14
d4
What is 114221 (base 6) in base 8?
23445
Convert 14377 (base 8) to base 11.
4898
-222110 (base 3) to base 5
-10324
-1515 (base 9) to base 15
-518
What is 11212002 (base 4) in base 5?
1213124
Convert 523135 (base 6) to base 14.
1152b
Convert -8993 (base 13) to base 12.
-b155
114504 (base 8) to base 4
21211010
What is -103102 (base 4) in base 5?
-14414
What is 30587 (base 11) in base 10?
44623
-214204 (base 5) to